is f(-18)?
-2706
Let g(k) = 9*k**2 + 2950*k + 23512. Calculate g(-8).
488
Let q(k) = k**2 + 21276*k + 276613. Give q(-13).
194
Let m(f) = -f**2 + 16078*f + 757840. Calculate m(-47).
-35
Let s(r) = 5*r**2 + 664*r + 3714. Calculate s(-127).
31
Let t(d) = -d**3 + d**2 + 6161*d + 87. Determine t(79).
8
Let r(f) = -f**3 - 315*f**2 - 1214*f + 7070. Calculate r(-311).
-2260
Let i(z) = 3793*z + 720668. Give i(-190).
-2
Let p(i) = 3050*i + 1360362. What is p(-446)?
62
Let w(o) = -10597*o**2 - 105973*o - 11. What is w(-10)?
19
Let w(m) = 244*m - 21695. Determine w(86).
-711
Let r(t) = 3*t**3 - 17*t**2 + 182*t - 1328. What is r(7)?
142
Let z(t) = t**3 - 46*t**2 - 1051*t - 1275. Calculate z(63).
-15
Let x(b) = -26084*b - 547898. Calculate x(-21).
-134
Let v(r) = 1206*r - 29905. What is v(25)?
245
Let w(m) = -7*m**2 + 2995*m - 2485. What is w(427)?
77
Let z(m) = 19431*m - 369211. Give z(19).
-22
Let b(f) = 6*f**3 - 1723*f**2 - 85172*f + 459. Determine b(-43).
-14
Let v(n) = -35*n + 4917. Determine v(110).
1067
Let o(k) = k**2 + 3294*k - 36426. Determine o(11).
-71
Let c(v) = -7819*v - 7780. What is c(-1)?
39
Let w(h) = h**2 + 1840*h - 122502. Give w(65).
1323
Let b(n) = 39*n**2 + 2171*n + 1444. Calculate b(-55).
14
Let u(t) = -185*t + 9639. Determine u(53).
-166
Let s(x) = 1868*x**2 - 3628*x - 213. Determine s(2).
3
Let b(n) = n**2 + 268*n + 3437. What is b(-14)?
-119
Let u(c) = c**3 + 7*c**2 - 140*c - 28. Determine u(9).
8
Let o(b) = 6*b**3 - 88*b**2 - 575*b + 104. Calculate o(-5).
29
Let x(i) = -i**3 + 71*i**2 - 713*i - 5229. Determine x(19).
-4
Let w(d) = -6630*d + 165745. Determine w(25).
-5
Let m(t) = 4*t**3 + 432*t**2 - 1314*t + 5. Calculate m(3).
59
Let h(m) = 2*m**3 + 266*m**2 + 168*m - 12682. Determine h(-132).
-10
Let p(r) = -22*r**2 - 9623*r + 124646. Give p(-450).
-4
Let u(z) = -16545*z - 315234. Determine u(-19).
-879
Let l(g) = 55*g**2 + 2*g + 146. Give l(-4).
1018
Let i(o) = 4735*o + 132626. Determine i(-28).
46
Let k(v) = 493*v + 2585. Give k(-7).
-866
Let r(d) = -1136*d - 24156. Give r(-21).
-300
Let o(x) = x**3 - 11*x**2 - 5980*x + 276. Determine o(83).
-56
Let d(k) = 20*k**2 - 8365*k + 191093. What is d(394)?
3
Let v(i) = i**3 + 81*i**2 + 314*i + 25500. What is v(-81)?
66
Let b(w) = -2*w**2 - 9882*w - 98560. Give b(-10).
60
Let l(v) = -45*v**2 - 44403*v - 44404. What is l(-1)?
-46
Let s(d) = 2*d**3 - 29*d**2 + 63*d + 253. Determine s(10).
-17
Let d(a) = -5541*a**3 - 4*a**2 - 37*a - 34. What is d(-1)?
5540
Let v(k) = -4*k**2 + 3993*k - 24796. Calculate v(992).
4
Let g(i) = 456*i - 82537. Determine g(181).
-1
Let q(c) = 2*c**2 - 222*c - 3291. Calculate q(-14).
209
Let q(i) = -17*i**2 + 10398*i + 24482. Determine q(614).
-78
Let i(l) = -l**2 - 495*l + 20097. Determine i(37).
413
Let u(z) = z**3 - 19*z**2 - 541*z + 8565. Determine u(14).
11
Let q(r) = 2*r**3 + 183*r**2 - 1914*r + 448. Calculate q(-101).
-57
Let v(w) = -2*w**3 + 31*w**2 - 24*w + 338. Determine v(16).
-302
Let w(v) = -v**3 + 220*v**2 + 452*v - 51077. Determine w(221).
-26
Let d(v) = v**3 - 198*v**2 - 416*v + 82302. Give d(198).
-66
Let s(n) = -455*n - 48391. Give s(-106).
-161
Let h(o) = -o**3 - 341*o**2 - 267*o + 23788. What is h(-340)?
-1032
Let f(x) = 682*x + 15608. Calculate f(-23).
-78
Let g(m) = -5*m**3 + 44*m**2 + 50*m - 72. What is g(10)?
-172
Let f(b) = 8*b**2 + 174*b - 1544. Give f(10).
996
Let m(u) = -3051*u - 2668. Determine m(-1).
383
Let d(n) = -10*n**3 + 89*n**2 - 57*n - 4. Calculate d(5).
686
Let f(w) = 16823*w - 12499482. Determine f(743).
7
Let q(x) = 259*x**2 + 999*x + 5. Determine q(-4).
153
Let b(r) = 4237*r - 38124. What is b(9)?
9
Let s(u) = -317*u - 27582. Give s(-87).
-3
Let c(y) = -428*y + 11566. Determine c(27).
10
Let l(i) = -41*i**2 + 191*i - 7. What is l(2)?
211
Let g(j) = -22*j**3 + 850*j**2 - 2082*j - 209. Calculate g(36).
7
Let x(v) = 2*v**3 + 6*v**2 + 108*v + 572. Give x(-6).
-292
Let g(t) = 227461*t + 682518. What is g(-3)?
135
Let p(q) = 38*q**2 - 6072*q - 1288. What is p(160)?
-8
Let b(t) = -4*t**2 + 1441*t + 77930. Calculate b(408).
2
Let u(c) = -96*c**3 - 4*c**2 + 865*c - 1733. Give u(2).
-787
Let k(u) = 54*u + 24429. What is k(-480)?
-1491
Let q(c) = -38*c**2 + 57608*c + 115372. Calculate q(1518).
4
Let x(w) = 2*w**2 - 484*w - 16926. Give x(-31).
0
Let z(p) = 6*p**3 - 8*p**2 - 19*p + 2049. Calculate z(0).
2049
Let w(d) = -3*d**3 + 2395*d**2 + 1576*d + 17546. What is w(799)?
-32
Let r(l) = 890*l**2 + 48951*l + 129. Calculate r(-55).
74
Let d(y) = 2*y**2 - 36642*y - 219869. Calculate d(-6).
55
Let j(u) = -88*u**3 + 10*u**2 - 955*u + 1891. Give j(2).
-683
Let i(n) = 13*n**2 - 712*n + 3662. Determine i(49).
-13
Let q(i) = -2*i**3 - 58*i**2 - 12*i - 294. What is q(-29)?
54
Let u(i) = i**3 - 1609*i**2 + 1646*i - 37. Give u(1).
1
Let p(i) = -i**3 - 148*i**2 - 2350*i - 1302. Calculate p(-130).
-2
Let x(y) = -y**2 - 714831*y - 5718580. Give x(-8).
4
Let z(p) = 18*p**2 - 197*p - 408. Give z(-2).
58
Let y(l) = l**3 - 185*l**2 + 1255*l - 26. Determine y(7).
37
Let f(b) = 2*b**3 - 280*b**2 - 563*b - 687. Calculate f(142).
23
Let i(d) = 2678*d + 878343. Calculate i(-328).
-41
Let i(q) = -q**2 + 6798*q - 297186. Determine i(44).
-10
Let g(q) = -2*q**3 - 5*q**2 + 24*q + 92. Give g(5).
-163
Let y(p) = -p**2 + 80*p + 2773. What is y(-26)?
17
Let l(r) = 2644*r + 1559959. What is l(-590)?
-1
Let m(y) = -18*y**2 + 3292*y + 13133. Give m(-4).
-323
Let r(o) = -6*o**3 + 36*o**2 - 65*o + 359. Give r(6).
-31
Let f(w) = -w**3 - 611*w**2 - 53125*w + 2544. What is f(-506)?
14
Let o(z) = -2*z**3 - 3481*z**2 - 124368*z + 40896. Determine o(-1704).
0
Let h(q) = -2*q**2 + 596*q + 198. What is h(298)?
198
Let j(y) = -286902*y + 573797. What is j(2)?
-7
Let k(n) = 650*n - 5256. Give k(8).
-56
Let l(u) = 15*u**2 - 1197*u + 3440. Determine l(77).
206
Let g(l) = -1194854*l - 14338249. Calculate g(-12).
-1
Let v(n) = -221*n - 1081. Give v(5).
-2186
Let i(c) = 3135*c - 81525. Determine i(26).
-15
Let h(u) = 2637*u + 8043. What is h(-3)?
132
Let b(q) = -1871*q + 101108. What is b(54)?
74
Let s(w) = w**2 + 253*w - 2284. What is s(10)?
346
Let k(w) = w**3 + 21*w**2 - 890*w - 15548. Calculate k(-16).
-28
Let g(d) = d**2 + 66*d + 134. Determine g(-62).
-114
Let j(f) = -11*f**3 + 20*f**2 - 39*f + 8. Give j(2).
-78
Let q(f) = 2*f**2 + 270*f - 3206. Give q(11).
6
Let o(b) = 9*b**2 + 332*b + 7570. What is o(-23)?
4695
Let u(v) = -v**3 + 281*v**2 + 2361*v + 468. What is u(-8)?
76
Let m(z) = 18*z**3 + 99*z**2 + 559*z + 2837. What is m(-5)?
267
Let i(o) = -93*o - 9301. What is i(-108)?
743
Let m(s) = -7*s**2 - 89*s - 177. Give m(-8).
87
Let w(m) = -1297*m - 3407. Determine w(-3).
484
Let k(h) = 4*h + 745. Determine k(-96).
361
Let s(u) = 3215*u - 9570. Give s(3).
75
Let u(m) = -289*m - 76953. Calculate u(-266).
-79
Let y(x) = 2*x**3 + 47*x**2 + 218*x - 10. What is y(-6)?
-58
Let c(d) = -259*d**2 + 1232*d + 180. Determine c(4).
964
Let w(a) = -3760*a + 12171. Determine w(3).
891
Let o(v) = 19096*v - 95479. Give o(5).
1
Let i(t) = -18027*t - 126192. Calculate i(-7).
-3
Let p(k) = k**3 - 5198*k**2 + 170436*k + 279. Determine p(33).
-18
Let u(n) = 2*n**2 - 549*n - 20297. Determine u(-35).
1368
Let x(w) = -3*w**2 - 3007*w + 21195. What is x(7)?
-1
Let t(j) = 8191*j - 58241. Determine t(7).
-904
Let j(g) = -g**2 + 345. Calculate j(35).
-880
Let z(m) = 5959*m - 17905. Determine z(3).
-28
Let s(j) = -j**3 - 310*j**2 + 5210*j - 5034. Determine s(15).
-9
Let c(k) = -477*k**2 + 142*k + 316. Calculate c(-3).
-4403
Let u(w) = -w**2 - 15481*w - 247467. Calculate u(-16).
-27
Let c(i) = 765*i**2 - 4934*i + 4934. Give c(1).
765
Let r(f) = f**2 - 321*f - 57. Determine r(0).
-57
Let m(c) = c**2 - 1241*c + 182072. Calculate m(170).
2
Let t(o) = 3386*o - 172632. Determine t(51).
54
Let t(j) = -6729*j + 841178. Give t(125).
53
Let q(z) = -34335*z + 515028. Determine q(15).
3
Let q(s) = 288*s - 20137. Give q(70).
23
Let a(y) = y**2 + 236869*y + 3552797. Determine a(-15).
-13
Let k(o) = -80*o**2 + 797*o + 5963. Determine k(15).
-82
Let f(a) = 13055*a - 249. Calculate f(0).
-249
Let z(b) = -b**3 + 66*b**2 - 501*b - 47. What is z(9)?
61
Let f(z) = z**3 - 94*z**2 - 184*z - 555. Give f(96).
213
Let d(r) = 17043*r - 25. Give d(0).
-25
Let m(x) = 9*x**2 + 336*x + 295. Determine m(-37).
184
Let r(x) = x**2 + 956*x